{"id":414,"date":"2020-12-17T01:01:49","date_gmt":"2020-12-17T01:01:49","guid":{"rendered":"http:\/\/www.ds-invest.hr\/?page_id=414"},"modified":"2023-01-18T14:34:10","modified_gmt":"2023-01-18T14:34:10","slug":"borik-vitrenjak-2","status":"publish","type":"page","link":"https:\/\/www.ds-invest.hr\/?page_id=414&lang=de","title":{"rendered":"Borik Vitrenjak"},"content":{"rendered":"<p>[vc_row][vc_column][vc_column_text]<p>[\/vc_column_text][\/vc_column][\/vc_row][vc_row][vc_column width=&#8221;1\/3&#8243;][vc_hoverbox image=&#8221;183&#8243; primary_title=&#8221;VITRENJAK 1&#8243; primary_title_font_container=&#8221;font_size:35|color:%23008c20&#8243; primary_title_google_fonts=&#8221;font_family:Black%20Ops%20One%3Aregular|font_style:400%20regular%3A400%3Anormal&#8221; primary_title_css_animation=&#8221;fadeIn&#8221; hover_title=&#8221;Borik Vitrenjak 1&#8243; hover_title_font_container=&#8221;font_size:35|color:rgba(0%2C0%2C0%2C0.77)&#8221; hover_title_google_fonts=&#8221;font_family:Black%20Ops%20One%3Aregular|font_style:400%20regular%3A400%3Anormal&#8221; hover_title_css_animation=&#8221;fadeIn&#8221; shape=&#8221;square&#8221; hover_background_color=&#8221;green&#8221; hover_btn_title=&#8221;Katalog&#8221; hover_btn_style=&#8221;outline&#8221; hover_btn_shape=&#8221;square&#8221; hover_btn_css_animation=&#8221;fadeIn&#8221; css_animation=&#8221;fadeIn&#8221; use_custom_fonts_primary_title=&#8221;true&#8221; use_custom_fonts_hover_title=&#8221;true&#8221; hover_add_button=&#8221;true&#8221; css=&#8221;.vc_custom_1627352883033{background-color: rgba(255,255,255,0.01) !important;*background-color: rgb(255,255,255) !important;border-radius: 2px !important;}&#8221; hover_btn_link=&#8221;url:http%3A%2F%2Fwww.ds-invest.hr%2Fwp-content%2Fuploads%2F2021%2F07%2Fvitrenjak1.pdf&#8221;]<\/p>\n<h4><span style=\"color: #ffffff;\">Borik Vitrenjak 1 sind TOP-Wohnungen, die wir am Meer verkaufen, siehe im Katalog der freien Wohnungen.<\/span><\/h4>\n<p>[\/vc_hoverbox][\/vc_column][vc_column width=&#8221;1\/3&#8243;][vc_hoverbox image=&#8221;184&#8243; primary_title=&#8221;VITRENJAK 2&#8243; primary_title_font_container=&#8221;font_size:35|color:%23008c20&#8243; primary_title_google_fonts=&#8221;font_family:Black%20Ops%20One%3Aregular|font_style:400%20regular%3A400%3Anormal&#8221; primary_title_css_animation=&#8221;fadeIn&#8221; hover_title=&#8221;Borik Vitrenjak 2&#8243; hover_title_font_container=&#8221;font_size:35|color:rgba(0%2C0%2C0%2C0.78)&#8221; hover_title_google_fonts=&#8221;font_family:Black%20Ops%20One%3Aregular|font_style:400%20regular%3A400%3Anormal&#8221; hover_title_css_animation=&#8221;fadeIn&#8221; shape=&#8221;square&#8221; hover_background_color=&#8221;green&#8221; hover_btn_title=&#8221;Katalog&#8221; hover_btn_style=&#8221;outline&#8221; hover_btn_shape=&#8221;square&#8221; hover_btn_css_animation=&#8221;fadeIn&#8221; css_animation=&#8221;fadeIn&#8221; use_custom_fonts_primary_title=&#8221;true&#8221; use_custom_fonts_hover_title=&#8221;true&#8221; hover_add_button=&#8221;true&#8221; css=&#8221;.vc_custom_1631690765434{background-color: rgba(255,255,255,0.01) !important;*background-color: rgb(255,255,255) !important;border-radius: 2px !important;}&#8221; hover_btn_link=&#8221;url:http%3A%2F%2Fwww.ds-invest.hr%2Fwp-content%2Fuploads%2F2021%2F09%2Fvitrenjak2.pdf&#8221;]<\/p>\n<h4><span style=\"color: #ffffff;\">Borik Vitrenjak 2 sind TOP-Wohnungen, die wir am Meer verkaufen, siehe im Katalog der freien Wohn.<\/span><\/h4>\n<p>c<\/p>\n<p>[\/vc_hoverbox][\/vc_column][vc_column width=&#8221;1\/3&#8243;][vc_hoverbox image=&#8221;500&#8243; primary_title=&#8221;VITRENJAK 3&#8243; primary_title_font_container=&#8221;font_size:35|color:%23008c20&#8243; primary_title_google_fonts=&#8221;font_family:Black%20Ops%20One%3Aregular|font_style:400%20regular%3A400%3Anormal&#8221; primary_title_css_animation=&#8221;fadeIn&#8221; hover_title=&#8221;Borik Vitrenjak 3&#8243; hover_title_font_container=&#8221;font_size:35|color:rgba(0%2C0%2C0%2C0.78)&#8221; hover_title_google_fonts=&#8221;font_family:Black%20Ops%20One%3Aregular|font_style:400%20regular%3A400%3Anormal&#8221; hover_title_css_animation=&#8221;fadeIn&#8221; shape=&#8221;square&#8221; hover_background_color=&#8221;green&#8221; hover_btn_title=&#8221;Katalog&#8221; hover_btn_style=&#8221;outline&#8221; hover_btn_shape=&#8221;square&#8221; css_animation=&#8221;fadeIn&#8221; use_custom_fonts_primary_title=&#8221;true&#8221; use_custom_fonts_hover_title=&#8221;true&#8221; hover_add_button=&#8221;true&#8221; css=&#8221;.vc_custom_1674052428238{background-color: rgba(255,255,255,0.01) !important;*background-color: rgb(255,255,255) !important;border-radius: 2px !important;}&#8221; hover_btn_link=&#8221;url:http%3A%2F%2Fwww.ds-invest.hr%2Fwp-content%2Fuploads%2F2021%2F09%2Fvitrenjak3.pdf&#8221;]<\/p>\n<h4><span style=\"color: #ffffff;\">Borik Vitrenjak 3 sind TOP-Wohnungen, die wir am Meer verkaufen, siehe im Katalog der freien Wohn.<\/span><\/h4>\n<p>[\/vc_hoverbox][\/vc_column][vc_column][vc_empty_space][\/vc_column][\/vc_row][vc_row][vc_column width=&#8221;1\/2&#8243;][vc_hoverbox image=&#8221;735&#8243; primary_title=&#8221;VITRENJAK 4&#8243; primary_title_font_container=&#8221;font_size:35|color:%23008c20&#8243; primary_title_google_fonts=&#8221;font_family:Black%20Ops%20One%3Aregular|font_style:400%20regular%3A400%3Anormal&#8221; primary_title_css_animation=&#8221;fadeIn&#8221; hover_title=&#8221;Borik Vitrenjak 4&#8243; hover_title_font_container=&#8221;font_size:35|color:rgba(0%2C0%2C0%2C0.77)&#8221; hover_title_google_fonts=&#8221;font_family:Black%20Ops%20One%3Aregular|font_style:400%20regular%3A400%3Anormal&#8221; hover_title_css_animation=&#8221;fadeIn&#8221; shape=&#8221;square&#8221; hover_background_color=&#8221;green&#8221; hover_btn_title=&#8221;Katalog&#8221; hover_btn_style=&#8221;outline&#8221; hover_btn_shape=&#8221;square&#8221; hover_btn_css_animation=&#8221;fadeIn&#8221; css_animation=&#8221;fadeIn&#8221; use_custom_fonts_primary_title=&#8221;true&#8221; use_custom_fonts_hover_title=&#8221;true&#8221; hover_add_button=&#8221;true&#8221; css=&#8221;.vc_custom_1674052218415{background-color: rgba(255,255,255,0.01) !important;*background-color: rgb(255,255,255) !important;border-radius: 2px !important;}&#8221; hover_btn_link=&#8221;url:http%3A%2F%2Fwww.ds-invest.hr%2Fwp-content%2Fuploads%2F2021%2F07%2Fvitrenjak4.pdf&#8221;]<\/p>\n<h4><span style=\"color: #ffffff;\">Borik Vitrenjak 4 sind TOP-Wohnungen, die wir am Meer verkaufen, siehe im Katalog der freien Wohnungen.<\/span><\/h4>\n<p>[\/vc_hoverbox][\/vc_column][vc_column width=&#8221;1\/2&#8243;][vc_hoverbox image=&#8221;736&#8243; primary_title=&#8221;VITRENJAK 5&#8243; primary_title_font_container=&#8221;font_size:35|color:%23008c20&#8243; primary_title_google_fonts=&#8221;font_family:Black%20Ops%20One%3Aregular|font_style:400%20regular%3A400%3Anormal&#8221; primary_title_css_animation=&#8221;fadeIn&#8221; hover_title=&#8221;Borik Vitrenjak 5&#8243; hover_title_font_container=&#8221;font_size:35|color:rgba(0%2C0%2C0%2C0.78)&#8221; hover_title_google_fonts=&#8221;font_family:Black%20Ops%20One%3Aregular|font_style:400%20regular%3A400%3Anormal&#8221; hover_title_css_animation=&#8221;fadeIn&#8221; shape=&#8221;square&#8221; hover_background_color=&#8221;green&#8221; hover_btn_title=&#8221;Katalog&#8221; hover_btn_style=&#8221;outline&#8221; hover_btn_shape=&#8221;square&#8221; hover_btn_css_animation=&#8221;fadeIn&#8221; css_animation=&#8221;fadeIn&#8221; use_custom_fonts_primary_title=&#8221;true&#8221; use_custom_fonts_hover_title=&#8221;true&#8221; hover_add_button=&#8221;true&#8221; css=&#8221;.vc_custom_1674052448610{background-color: rgba(255,255,255,0.01) !important;*background-color: rgb(255,255,255) !important;border-radius: 2px !important;}&#8221; hover_btn_link=&#8221;url:http%3A%2F%2Fwww.ds-invest.hr%2Fwp-content%2Fuploads%2F2021%2F07%2Fvitrenjak5.pdf&#8221;]<\/p>\n<h4><span style=\"color: #ffffff;\">Borik Vitrenjak 5 sind TOP-Wohnungen, die wir am Meer verkaufen, siehe im Katalog der freien Wohn.<\/span><\/h4>\n<p>[\/vc_hoverbox][vc_empty_space][\/vc_column][\/vc_row][vc_row][vc_column][vc_column_text]<\/p>\n<p>\n\r\n\r\n[\/vc_column_text][\/vc_column][\/vc_row][vc_row][vc_column]<div id=\"ultimate-heading-52676a00a198202be\" class=\"uvc-heading ult-adjust-bottom-margin ultimate-heading-52676a00a198202be uvc-7782 \" data-hspacer=\"line_with_icon\" data-hline_width=\"auto\" data-hicon_type=\"custom\" data-hborder_style=\"solid\" data-hborder_height=\"1\" data-hborder_color=\"#81d742\" data-icon_width=\"48\" data-hfixer=\"10\"  data-halign=\"center\" style=\"text-align:center\"><div class=\"uvc-main-heading ult-responsive\"  data-ultimate-target='.uvc-heading.ultimate-heading-52676a00a198202be h3'  data-responsive-json-new='{\"font-size\":\"desktop:30px;\",\"line-height\":\"\"}' ><h3 style=\"font-family:&#039;Hepta Slab&#039;;font-weight:800;color:#008c20;\">TOP Invest f\u00fcr Miete \/ Eigenbedarf \/ Wohnungsmiete ... wir haben die richtige Immobilie und den richtigen Service f\u00fcr Sie.<\/h3><\/div><div class=\"uvc-heading-spacer line_with_icon\" style=\"top\"><div class=\"ult-just-icon-wrapper  \"><div class=\"align-icon\" style=\"text-align:center;\">\n<div class=\"aio-icon-img \" style=\"font-size:48px;display:inline-block;\" >\n\t<img decoding=\"async\" class=\"img-icon\" alt=\"null\" src=\"https:\/\/www.ds-invest.hr\/wp-content\/uploads\/2020\/11\/favicon.png\"\/>\n<\/div><\/div><\/div><\/div><\/div>[\/vc_column][\/vc_row][vc_row][vc_column width=&#8221;1\/3&#8243;]<div id=\"ultimate-heading-35246a00a198203e3\" class=\"uvc-heading ult-adjust-bottom-margin ultimate-heading-35246a00a198203e3 uvc-9375 \" data-hspacer=\"line_with_icon\" data-hline_width=\"auto\" data-hicon_type=\"custom\" data-hborder_style=\"solid\" data-hborder_height=\"1\" data-hborder_color=\"#81d742\" data-icon_width=\"48\" data-hfixer=\"10\"  data-halign=\"left\" style=\"text-align:left\"><div class=\"uvc-main-heading ult-responsive\"  data-ultimate-target='.uvc-heading.ultimate-heading-35246a00a198203e3 h2'  data-responsive-json-new='{\"font-size\":\"desktop:22px;\",\"line-height\":\"\"}' ><h2 style=\"font-family:&#039;Black Ops One&#039;;font-weight:normal;color:#000000;\">Nicht weit von der Altstadt von Zadar und direkt neben dem Yachthafen werden 2021\/22 Luxusunterk\u00fcnfte gebaut.<\/h2><\/div><div class=\"uvc-heading-spacer line_with_icon\" style=\"top\"><div class=\"ult-just-icon-wrapper  \"><div class=\"align-icon\" style=\"text-align:left;\">\n<div class=\"aio-icon-img \" style=\"font-size:48px;display:inline-block;\" >\n\t<img decoding=\"async\" class=\"img-icon\" alt=\"null\" src=\"https:\/\/www.ds-invest.hr\/wp-content\/uploads\/2020\/11\/favicon.png\"\/>\n<\/div><\/div><\/div><\/div><\/div>[\/vc_column][vc_column width=&#8221;1\/3&#8243;]<div id=\"ultimate-heading-43726a00a198204b4\" class=\"uvc-heading ult-adjust-bottom-margin ultimate-heading-43726a00a198204b4 uvc-1707 \" data-hspacer=\"line_with_icon\" data-hline_width=\"auto\" data-hicon_type=\"custom\" data-hborder_style=\"solid\" data-hborder_height=\"1\" data-hborder_color=\"#81d742\" data-icon_width=\"48\" data-hfixer=\"10\"  data-halign=\"left\" style=\"text-align:left\"><div class=\"uvc-main-heading ult-responsive\"  data-ultimate-target='.uvc-heading.ultimate-heading-43726a00a198204b4 h2'  data-responsive-json-new='{\"font-size\":\"desktop:22px;\",\"line-height\":\"\"}' ><h2 style=\"font-family:&#039;Black Ops One&#039;;font-weight:normal;color:#000000;\">Moderne Wohnungen zum Verkauf in 3 attraktiven Wohnh\u00e4usern auf 3 Etagen oder 6-7 Wohneinheiten pro Geb\u00e4ude in spektakul\u00e4rer Lage in Zadar am Vitrenjak.<\/h2><\/div><div class=\"uvc-heading-spacer line_with_icon\" style=\"top\"><div class=\"ult-just-icon-wrapper  \"><div class=\"align-icon\" style=\"text-align:left;\">\n<div class=\"aio-icon-img \" style=\"font-size:48px;display:inline-block;\" >\n\t<img decoding=\"async\" class=\"img-icon\" alt=\"null\" src=\"https:\/\/www.ds-invest.hr\/wp-content\/uploads\/2020\/11\/favicon.png\"\/>\n<\/div><\/div><\/div><\/div><\/div>[\/vc_column][vc_column width=&#8221;1\/3&#8243;]<div id=\"ultimate-heading-52416a00a1982058d\" class=\"uvc-heading ult-adjust-bottom-margin ultimate-heading-52416a00a1982058d uvc-2827 \" data-hspacer=\"line_with_icon\" data-hline_width=\"auto\" data-hicon_type=\"custom\" data-hborder_style=\"solid\" data-hborder_height=\"1\" data-hborder_color=\"#81d742\" data-icon_width=\"48\" data-hfixer=\"10\"  data-halign=\"left\" style=\"text-align:left\"><div class=\"uvc-main-heading ult-responsive\"  data-ultimate-target='.uvc-heading.ultimate-heading-52416a00a1982058d h2'  data-responsive-json-new='{\"font-size\":\"desktop:22px;\",\"line-height\":\"\"}' ><h2 style=\"font-family:&#039;Black Ops One&#039;;font-weight:normal;color:#000000;\">Die Geb\u00e4ude bestehen aus einem Erdgeschoss und zwei Etagen, die durch eine Treppe und einen Aufzug verbunden sind. Die Wohnung im Erdgeschoss zum Verkauf mit Garten und Optionen mit eigenem Pool.<\/h2><\/div><div class=\"uvc-heading-spacer line_with_icon\" style=\"top\"><div class=\"ult-just-icon-wrapper  \"><div class=\"align-icon\" style=\"text-align:left;\">\n<div class=\"aio-icon-img \" style=\"font-size:48px;display:inline-block;\" >\n\t<img decoding=\"async\" class=\"img-icon\" alt=\"null\" src=\"https:\/\/www.ds-invest.hr\/wp-content\/uploads\/2020\/11\/favicon.png\"\/>\n<\/div><\/div><\/div><\/div><\/div>[\/vc_column][\/vc_row][vc_row bg_type=&#8221;image&#8221; parallax_style=&#8221;vcpb-animated&#8221; bg_image_new=&#8221;id^378|url^http:\/\/www.ds-invest.hr\/wp-content\/uploads\/2020\/12\/vitrenjak1_hover.jpg|caption^null|alt^null|title^vitrenjak1_hover|description^null&#8221; bg_image_size=&#8221;contain&#8221;][vc_column]<div id=\"ultimate-heading-67476a00a198205c2\" class=\"uvc-heading ult-adjust-bottom-margin ultimate-heading-67476a00a198205c2 uvc-9063 \" data-hspacer=\"no_spacer\"  data-halign=\"left\" style=\"text-align:left\"><div class=\"uvc-heading-spacer no_spacer\" style=\"top\"><\/div><div class=\"uvc-main-heading ult-responsive\"  data-ultimate-target='.uvc-heading.ultimate-heading-67476a00a198205c2 h2'  data-responsive-json-new='{\"font-size\":\"desktop:20px;\",\"line-height\":\"\"}' ><h2 style=\"font-family:&#039;Hepta Slab&#039;;font-weight:600;color:#000000;\">F\u00fcr die Innenausstattung wurden hochwertige Ger\u00e4te mit modernem Design ausgew\u00e4hlt und ein perfektes Verh\u00e4ltnis von Qualit\u00e4t, Haltbarkeit und Funktionalit\u00e4t erreicht.<\/h2><\/div><\/div>[vc_separator color=&#8221;green&#8221;]<div id=\"ultimate-heading-26286a00a198205ef\" class=\"uvc-heading ult-adjust-bottom-margin ultimate-heading-26286a00a198205ef uvc-2257 \" data-hspacer=\"no_spacer\"  data-halign=\"left\" style=\"text-align:left\"><div class=\"uvc-heading-spacer no_spacer\" style=\"top\"><\/div><div class=\"uvc-main-heading ult-responsive\"  data-ultimate-target='.uvc-heading.ultimate-heading-26286a00a198205ef h2'  data-responsive-json-new='{\"font-size\":\"desktop:20px;\",\"line-height\":\"\"}' ><h2 style=\"font-family:&#039;Hepta Slab&#039;;font-weight:600;color:#000000;\">Die Wohnungen von 45-110 m2 haben viel Licht f\u00fcr eine perfekte Orientierung im Raum. Die Fenster sind aus anthrazitfarbenen Aluminiumprofilen und dreischichtigem Glas mit elektrischen Rolll\u00e4den und Moskitonetzen.<\/h2><\/div><\/div>[vc_separator color=&#8221;green&#8221;]<div id=\"ultimate-heading-1236a00a19820616\" class=\"uvc-heading ult-adjust-bottom-margin ultimate-heading-1236a00a19820616 uvc-1982 \" data-hspacer=\"no_spacer\"  data-halign=\"left\" style=\"text-align:left\"><div class=\"uvc-heading-spacer no_spacer\" style=\"top\"><\/div><div class=\"uvc-main-heading ult-responsive\"  data-ultimate-target='.uvc-heading.ultimate-heading-1236a00a19820616 h2'  data-responsive-json-new='{\"font-size\":\"desktop:20px;\",\"line-height\":\"\"}' ><h2 style=\"font-family:&#039;Hepta Slab&#039;;font-weight:600;color:#000000;\">Die mit einer 10 cm dicken W\u00e4rmed\u00e4mmung bedeckte Fassade tr\u00e4gt zu den hervorragenden Energieeigenschaften des Geb\u00e4udes bei. Die Bauqualit\u00e4t und die erw\u00e4hnte gute Isolierung f\u00fchren zum erwarteten Energiezertifikat von hoher Qualit\u00e4t A.<\/h2><\/div><\/div>[vc_separator color=&#8221;green&#8221;]<div id=\"ultimate-heading-44486a00a198206dd\" class=\"uvc-heading ult-adjust-bottom-margin ultimate-heading-44486a00a198206dd uvc-3181 \" data-hspacer=\"line_with_icon\" data-hline_width=\"auto\" data-hicon_type=\"custom\" data-hborder_style=\"solid\" data-hborder_height=\"1\" data-hborder_color=\"#81d742\" data-icon_width=\"48\" data-hfixer=\"10\"  data-halign=\"left\" style=\"text-align:left\"><div class=\"uvc-main-heading ult-responsive\"  data-ultimate-target='.uvc-heading.ultimate-heading-44486a00a198206dd h2'  data-responsive-json-new='{\"font-size\":\"desktop:20px;\",\"line-height\":\"\"}' ><h2 style=\"font-family:&#039;Hepta Slab&#039;;font-weight:600;color:#000000;\">Die B\u00f6den sind mit Fliesen und Parkett von h\u00f6chster Qualit\u00e4t bedeckt. Zum Heizen ist eine elektrische Fu\u00dfbodenheizung eingebaut. Jedes Apartment ist mit Einbruch- und Brandschutzt\u00fcren ausgestattet, Klimaanlage in jedem Zimmer und einer Video-Gegensprechanlage der neuesten Generation ausgestattet.<\/h2><\/div><div class=\"uvc-heading-spacer line_with_icon\" style=\"top\"><div class=\"ult-just-icon-wrapper  \"><div class=\"align-icon\" style=\"text-align:left;\">\n<div class=\"aio-icon-img \" style=\"font-size:48px;display:inline-block;\" >\n\t<img decoding=\"async\" class=\"img-icon\" alt=\"null\" src=\"https:\/\/www.ds-invest.hr\/wp-content\/uploads\/2020\/11\/favicon.png\"\/>\n<\/div><\/div><\/div><\/div><\/div>[\/vc_column][\/vc_row][vc_row][vc_column]<div id=\"ultimate-heading-9476a00a198207a6\" class=\"uvc-heading ult-adjust-bottom-margin ultimate-heading-9476a00a198207a6 uvc-5649 \" data-hspacer=\"line_with_icon\" data-hline_width=\"auto\" data-hicon_type=\"custom\" data-hborder_style=\"solid\" data-hborder_height=\"1\" data-hborder_color=\"#81d742\" data-icon_width=\"48\" data-hfixer=\"10\"  data-halign=\"center\" style=\"text-align:center\"><div class=\"uvc-main-heading ult-responsive\"  data-ultimate-target='.uvc-heading.ultimate-heading-9476a00a198207a6 h2'  data-responsive-json-new='{\"font-size\":\"desktop:25px;\",\"line-height\":\"\"}' ><h2 style=\"font-family:&#039;Hepta Slab&#039;;font-weight:700;color:#008c20;\">Sorgf\u00e4ltig ausgew\u00e4hlte hochwertige Materialien, modernes Design, hohe Energieeffizienz, sorgf\u00e4ltig gestaltete Umgebung mit begr\u00fcnten Gr\u00fcnfl\u00e4chen, Auffahrt sowie Parkplatz und Terrasse.<\/h2><\/div><div class=\"uvc-heading-spacer line_with_icon\" style=\"top\"><div class=\"ult-just-icon-wrapper  \"><div class=\"align-icon\" style=\"text-align:center;\">\n<div class=\"aio-icon-img \" style=\"font-size:48px;display:inline-block;\" >\n\t<img decoding=\"async\" class=\"img-icon\" alt=\"null\" src=\"https:\/\/www.ds-invest.hr\/wp-content\/uploads\/2020\/11\/favicon.png\"\/>\n<\/div><\/div><\/div><\/div><\/div>[\/vc_column][\/vc_row][vc_row][vc_column width=&#8221;1\/4&#8243;]<div id=\"ultimate-heading-76096a00a1982086a\" class=\"uvc-heading ult-adjust-bottom-margin ultimate-heading-76096a00a1982086a uvc-6617 \" data-hspacer=\"line_with_icon\" data-hline_width=\"auto\" data-hicon_type=\"custom\" data-hborder_style=\"solid\" data-hborder_height=\"1\" data-hborder_color=\"#81d742\" data-icon_width=\"48\" data-hfixer=\"10\"  data-halign=\"left\" style=\"text-align:left\"><div class=\"uvc-main-heading ult-responsive\"  data-ultimate-target='.uvc-heading.ultimate-heading-76096a00a1982086a h2'  data-responsive-json-new='{\"font-size\":\"desktop:26px;\",\"line-height\":\"\"}' ><h2 style=\"font-family:&#039;Hepta Slab&#039;;font-weight:600;color:#000000;\">Jede Wohnung verf\u00fcgt \u00fcber zwei Parkpl\u00e4tze.<\/h2><\/div><div class=\"uvc-heading-spacer line_with_icon\" style=\"top\"><div class=\"ult-just-icon-wrapper  \"><div class=\"align-icon\" style=\"text-align:left;\">\n<div class=\"aio-icon-img \" style=\"font-size:48px;display:inline-block;\" >\n\t<img decoding=\"async\" class=\"img-icon\" alt=\"null\" src=\"https:\/\/www.ds-invest.hr\/wp-content\/uploads\/2020\/11\/favicon.png\"\/>\n<\/div><\/div><\/div><\/div><\/div>[\/vc_column][vc_column width=&#8221;3\/4&#8243;]<div id=\"ultimate-heading-5646a00a1982093c\" class=\"uvc-heading ult-adjust-bottom-margin ultimate-heading-5646a00a1982093c uvc-4609 \" data-hspacer=\"line_with_icon\" data-hline_width=\"auto\" data-hicon_type=\"custom\" data-hborder_style=\"solid\" data-hborder_height=\"1\" data-hborder_color=\"#81d742\" data-icon_width=\"48\" data-hfixer=\"10\"  data-halign=\"left\" style=\"text-align:left\"><div class=\"uvc-main-heading ult-responsive\"  data-ultimate-target='.uvc-heading.ultimate-heading-5646a00a1982093c h2'  data-responsive-json-new='{\"font-size\":\"desktop:30px;\",\"line-height\":\"\"}' ><h2 style=\"font-family:&#039;Hepta Slab&#039;;font-weight:600;color:#000000;\">Die Anlage befindet sich in der N\u00e4he des Meeres mit einem sch\u00f6nen Blick auf das Meer, die Inseln und die ganze Stadt.<\/h2><\/div><div class=\"uvc-heading-spacer line_with_icon\" style=\"top\"><div class=\"ult-just-icon-wrapper  \"><div class=\"align-icon\" style=\"text-align:left;\">\n<div class=\"aio-icon-img \" style=\"font-size:48px;display:inline-block;\" >\n\t<img decoding=\"async\" class=\"img-icon\" alt=\"null\" src=\"https:\/\/www.ds-invest.hr\/wp-content\/uploads\/2020\/11\/favicon.png\"\/>\n<\/div><\/div><\/div><\/div><\/div>[\/vc_column][\/vc_row][vc_row][vc_column][vc_column_text]<\/p>\r\n<p>\r\n\r\n<p>[\/vc_column_text][\/vc_column][\/vc_row][vc_row][vc_column]<div class='dt-sc-pr-tb-col '><div class=\"dt-sc-tb-header\"><div class=\"dt-sc-tb-title\"><h5>Weitere Informationen auf Anfrage<\/h5><p>Die geplante Fertigstellung ist im Herbst 2021.<\/p><\/div><div class=\"dt-sc-price\"><h6> <sup><\/sup><\/h6><\/div><\/div><h3 style=\"text-align: center;\">\u00a0<\/h3><\/div>[\/vc_column][\/vc_row][vc_row][vc_column][vc_column_text]<\/p>\n<p>\n\r\n\r\n<p>[\/vc_column_text][\/vc_column][\/vc_row][vc_row][vc_column width=&#8221;1\/4&#8243;]<div id=\"ultimate-heading-69336a00a198209ef\" class=\"uvc-heading ult-adjust-bottom-margin ultimate-heading-69336a00a198209ef uvc-829 \" data-hspacer=\"no_spacer\"  data-halign=\"left\" style=\"text-align:left\"><div class=\"uvc-heading-spacer no_spacer\" style=\"top\"><\/div><div class=\"uvc-main-heading ult-responsive\"  data-ultimate-target='.uvc-heading.ultimate-heading-69336a00a198209ef h2'  data-responsive-json-new='{\"font-size\":\"desktop:27px;\",\"line-height\":\"\"}' ><h2 style=\"font-family:&#039;Hepta Slab&#039;;font-weight:700;color:#008c20;\">LOCATION<\/h2><\/div><div class=\"uvc-sub-heading ult-responsive\"  data-ultimate-target='.uvc-heading.ultimate-heading-69336a00a198209ef .uvc-sub-heading '  data-responsive-json-new='{\"font-size\":\"desktop:13px;\",\"line-height\":\"\"}'  style=\"font-family:&#039;Hepta Slab&#039;;font-weight:500;color:#1e73be;\"><\/p>\n<h6 style=\"text-align: left;\"><span style=\"color: #008c20;\">Borik ist ein Teil der Stadt, der f\u00fcr seine gepflegten Sand- und Kiesstr\u00e4nde bekannt ist, die mit Einrichtungen f\u00fcr Unterhaltung und Erholung angereichert sind. Aufgrund der leicht zug\u00e4nglichen Str\u00e4nde ist Borik f\u00fcr Familien mit Kindern zu empfehlen. Die Vielzahl an Sportm\u00f6glichkeiten und die N\u00e4he zum Zentrum von Zadar machen es f\u00fcr junge Leute und Liebhaber eines aktiven Urlaubs \u00e4u\u00dferst attraktiv. Dieser Teil der Stadt ist gut mit \u00f6ffentlichen Verkehrsmitteln verbunden und bietet zahlreiche Restaurants, Caf\u00e9s, Nachtclubs und Kinderparks.<\/span><\/h6>\n<p><\/div><\/div>[\/vc_column][vc_column width=&#8221;3\/4&#8243;][vc_gmaps link=&#8221;#E-8_JTNDaWZyYW1lJTIwc3JjJTNEJTIyaHR0cHMlM0ElMkYlMkZ3d3cuZ29vZ2xlLmNvbSUyRm1hcHMlMkZlbWJlZCUzRnBiJTNEJTIxMW0xOCUyMTFtMTIlMjExbTMlMjExZDI4NjMuNjc3ODMwNTUzODY4NyUyMTJkMTUuMjEyNDkzNzE0ODk4Njc2JTIxM2Q0NC4xMzEyNjY5Mjk0MDQxMyUyMTJtMyUyMTFmMCUyMTJmMCUyMTNmMCUyMTNtMiUyMTFpMTAyNCUyMTJpNzY4JTIxNGYxMy4xJTIxM20zJTIxMW0yJTIxMXMweDQ3NjFmMGE4YTg5MDcwNTUlMjUzQTB4MzZkNzIxZjQ5NjFiYThmOCUyMTJzVWwuJTI1MjBBdWd1c3RhJTI1MjBDZXNhcmNhJTI1MjAxMyUyNTJDJTI1MjAyMzAwMCUyNTJDJTI1MjBaYWRhciUyMTVlMCUyMTNtMiUyMTFzaHIlMjEyc2hyJTIxNHYxNjA4MjAxMDE3NTkyJTIxNW0yJTIxMXNociUyMTJzaHIlMjIlMjB3aWR0aCUzRCUyMjYwMCUyMiUyMGhlaWdodCUzRCUyMjQ1MCUyMiUyMGZyYW1lYm9yZGVyJTNEJTIyMCUyMiUyMHN0eWxlJTNEJTIyYm9yZGVyJTNBMCUzQiUyMiUyMGFsbG93ZnVsbHNjcmVlbiUzRCUyMiUyMiUyMGFyaWEtaGlkZGVuJTNEJTIyZmFsc2UlMjIlMjB0YWJpbmRleCUzRCUyMjAlMjIlM0UlM0MlMkZpZnJhbWUlM0U=&#8221;][\/vc_column][\/vc_row][vc_row][vc_column][vc_column_text]<\/p>\n<p>\n[\/vc_column_text][\/vc_column][\/vc_row]<\/p>","protected":false},"excerpt":{"rendered":"<p>[vc_row][vc_column][vc_column_text] [\/vc_column_text][\/vc_column][\/vc_row][vc_row][vc_column][\/vc_column][\/vc_row][vc_row][vc_column width=&#8221;1\/3&#8243;][\/vc_column][vc_column width=&#8221;1\/3&#8243;][\/vc_column][vc_column width=&#8221;1\/3&#8243;][\/vc_column][\/vc_row][vc_row bg_type=&#8221;image&#8221; parallax_style=&#8221;vcpb-animated&#8221; bg_image_new=&#8221;id^378|url^http:\/\/www.ds-invest.hr\/wp-content\/uploads\/2020\/12\/vitrenjak1_hover.jpg|caption^null|alt^null|title^vitrenjak1_hover|description^null&#8221; bg_image_size=&#8221;contain&#8221;][vc_column][vc_separator color=&#8221;green&#8221;][vc_separator color=&#8221;green&#8221;][vc_separator color=&#8221;green&#8221;][\/vc_column][\/vc_row][vc_row][vc_column][\/vc_column][\/vc_row][vc_row][vc_column width=&#8221;1\/4&#8243;][\/vc_column][vc_column width=&#8221;3\/4&#8243;][\/vc_column][\/vc_row][vc_row][vc_column][vc_column_text] [\/vc_column_text][\/vc_column][\/vc_row]<\/p>\n","protected":false},"author":1,"featured_media":0,"parent":236,"menu_order":0,"comment_status":"closed","ping_status":"closed","template":"","meta":{"footnotes":""},"class_list":["post-414","page","type-page","status-publish","hentry"],"_links":{"self":[{"href":"https:\/\/www.ds-invest.hr\/index.php?rest_route=\/wp\/v2\/pages\/414","targetHints":{"allow":["GET"]}}],"collection":[{"href":"https:\/\/www.ds-invest.hr\/index.php?rest_route=\/wp\/v2\/pages"}],"about":[{"href":"https:\/\/www.ds-invest.hr\/index.php?rest_route=\/wp\/v2\/types\/page"}],"author":[{"embeddable":true,"href":"https:\/\/www.ds-invest.hr\/index.php?rest_route=\/wp\/v2\/users\/1"}],"replies":[{"embeddable":true,"href":"https:\/\/www.ds-invest.hr\/index.php?rest_route=%2Fwp%2Fv2%2Fcomments&post=414"}],"version-history":[{"count":23,"href":"https:\/\/www.ds-invest.hr\/index.php?rest_route=\/wp\/v2\/pages\/414\/revisions"}],"predecessor-version":[{"id":738,"href":"https:\/\/www.ds-invest.hr\/index.php?rest_route=\/wp\/v2\/pages\/414\/revisions\/738"}],"up":[{"embeddable":true,"href":"https:\/\/www.ds-invest.hr\/index.php?rest_route=\/wp\/v2\/pages\/236"}],"wp:attachment":[{"href":"https:\/\/www.ds-invest.hr\/index.php?rest_route=%2Fwp%2Fv2%2Fmedia&parent=414"}],"curies":[{"name":"wp","href":"https:\/\/api.w.org\/{rel}","templated":true}]}}